{"id":1082,"date":"2023-10-06T22:43:15","date_gmt":"2023-10-06T22:43:15","guid":{"rendered":"https:\/\/ecosteelgroup.dz\/wp\/?page_id=1082"},"modified":"2023-10-15T22:48:59","modified_gmt":"2023-10-15T22:48:59","slug":"commercial","status":"publish","type":"page","link":"https:\/\/ecosteelgroup.dz\/?page_id=1082","title":{"rendered":"Commercial"},"content":{"rendered":"<section class=\"wpb-content-wrapper\"><p>[vc_row][vc_column width=\u00a0\u00bb1\/3&Prime;][vc_column_text]<\/p>\n<h3><strong>AK\u00c7AY Bilal &#8211; <\/strong><strong>Directeur commercial<\/strong><\/h3>\n<h4>T\u00e9l\u00e9phone 1: +213 770 58 59 74<br \/>\nT\u00e9l\u00e9phone 2: +213 551 48 00 47<br \/>\nE-mail: <a href=\"mailto:directeurcommercial@ecosteelgroup.dz\">directeurcommercial@ecosteelgroup.dz<\/a><br \/>\n<a href=\"mailto:commercial@ecosteelgroup.dz\">commercial@ecosteelgroup.dz<\/a><\/h4>\n<p>[\/vc_column_text][vc_empty_space][vc_column_text]<\/p>\n<h4>Commercial 1 : +213 770 31 18 00<br \/>\nCommercial 2 : +213 770 72 40 97<br \/>\nCommercial 2 : +213 560 06 08 39<\/h4>\n<h4><\/h4>\n<p>[\/vc_column_text][\/vc_column][vc_column width=\u00a0\u00bb2\/3&Prime;][vc_single_image image=\u00a0\u00bb1083&Prime; img_size=\u00a0\u00bbfull\u00a0\u00bb][\/vc_column][\/vc_row]<\/p>\n<\/section>","protected":false},"excerpt":{"rendered":"<p>[vc_row][vc_column width=\u00a0\u00bb1\/3&Prime;][vc_column_text] AK\u00c7AY Bilal &#8211; Directeur commercial T\u00e9l\u00e9phone 1: +213 770 58 59 74 T\u00e9l\u00e9phone 2: +213 551 48 00 47 E-mail: directeurcommercial@ecosteelgroup.dz commercial@ecosteelgroup.dz [\/vc_column_text][vc_empty_space][vc_column_text] Commercial 1 : +213 770 31 18 00 Commercial 2 : +213 770 72 40&#8230;<\/p>\n","protected":false},"author":1,"featured_media":0,"parent":0,"menu_order":0,"comment_status":"closed","ping_status":"closed","template":"","meta":{"footnotes":""},"class_list":["post-1082","page","type-page","status-publish","hentry"],"_links":{"self":[{"href":"https:\/\/ecosteelgroup.dz\/index.php?rest_route=\/wp\/v2\/pages\/1082","targetHints":{"allow":["GET"]}}],"collection":[{"href":"https:\/\/ecosteelgroup.dz\/index.php?rest_route=\/wp\/v2\/pages"}],"about":[{"href":"https:\/\/ecosteelgroup.dz\/index.php?rest_route=\/wp\/v2\/types\/page"}],"author":[{"embeddable":true,"href":"https:\/\/ecosteelgroup.dz\/index.php?rest_route=\/wp\/v2\/users\/1"}],"replies":[{"embeddable":true,"href":"https:\/\/ecosteelgroup.dz\/index.php?rest_route=%2Fwp%2Fv2%2Fcomments&post=1082"}],"version-history":[{"count":6,"href":"https:\/\/ecosteelgroup.dz\/index.php?rest_route=\/wp\/v2\/pages\/1082\/revisions"}],"predecessor-version":[{"id":1104,"href":"https:\/\/ecosteelgroup.dz\/index.php?rest_route=\/wp\/v2\/pages\/1082\/revisions\/1104"}],"wp:attachment":[{"href":"https:\/\/ecosteelgroup.dz\/index.php?rest_route=%2Fwp%2Fv2%2Fmedia&parent=1082"}],"curies":[{"name":"wp","href":"https:\/\/api.w.org\/{rel}","templated":true}]}}