{"id":949,"date":"2014-11-11T11:14:05","date_gmt":"2014-11-11T11:14:05","guid":{"rendered":"http:\/\/anpsthemes.com\/constructo\/?page_id=11"},"modified":"2023-10-04T00:22:10","modified_gmt":"2023-10-04T00:22:10","slug":"a-propos","status":"publish","type":"page","link":"https:\/\/ecosteelgroup.dz\/?page_id=949","title":{"rendered":"A propos"},"content":{"rendered":"<section class=\"wpb-content-wrapper\"><p>[vc_row][vc_column width=\u00a0\u00bb2\/4&Prime;]<h5 class='heading-content  style-1' ><span>ECO STEEL GROUP<\/span><\/h5>[vc_column_text]<\/p>\n<p style=\"text-align: justify;\">Entreprise leader en Alg\u00e9rie dans la production d&rsquo;aluminium secondaire, a d\u00e9marr\u00e9 sa production \u00e0 Khemis el khechna en 2021.<\/p>\n<p style=\"text-align: justify;\">Les produits de notre soci\u00e9t\u00e9 sont propos\u00e9s sur le march\u00e9 int\u00e9rieur sous la marque ECO STEEL GROUP. Notre usine, situ\u00e9e \u00e0 Ouled Ali, R\u00e9gion Khemis el Khechna Boumerdes et construite sur une superficie totale de 15000 m2 dont 5000 m2 de surface ferm\u00e9e, dispose d&rsquo;une capacit\u00e9 de production de 7000 tonnes de lingots d&rsquo;aluminium dans notre \u00e9tat des lieux pilot\u00e9 par ordinateur. -fours d&rsquo;art et produit \u00e9galement des lingots de zamak, des clous en bobines et des clous de construction.<\/p>\n<p style=\"text-align: justify;\">Le personnel de l&rsquo;entreprise donne la priorit\u00e9 aux principes de satisfaction du client et de qualit\u00e9 des produits et effectue tout son travail dans ce sens. Nos produits sont fabriqu\u00e9s conform\u00e9ment aux normes internationales.<\/p>\n<p>[\/vc_column_text][\/vc_column][vc_column width=\u00a0\u00bb1\/4&Prime;]<h5 class='heading-content  style-1' ><span> Notre mission <\/span><\/h5>[vc_column_text]<\/p>\n<p style=\"text-align: justify;\">Maintenir pendant de longues ann\u00e9es la dignit\u00e9 pour devenir une entreprise fiable et en constante \u00e9volution, qui propose ses produits fabriqu\u00e9s et import\u00e9s \u00e0 nos revendeurs et consommateurs finaux en \u00e9tablissant des relations permanentes et durables bas\u00e9es sur la confiance.<\/p>\n<p>[\/vc_column_text][\/vc_column][vc_column width=\u00a0\u00bb1\/4&Prime;]<h5 class='heading-content  style-1' ><span>Notre vision <\/span><\/h5>[vc_column_text]<\/p>\n<p style=\"text-align: justify;\">Satisfaire au maximum les attentes de nos clients et des consommateurs finaux. Proposer des produits et services comp\u00e9titifs sur les march\u00e9s nationaux et internationaux avec des approches innovantes, rationnelles et fond\u00e9es sur des principes<\/p>\n<p>[\/vc_column_text][\/vc_column][\/vc_row][vc_row css=\u00a0\u00bb.vc_custom_1418301066256{padding-top: 80px !important;padding-bottom: 30px !important;}\u00a0\u00bb has_content=\u00a0\u00bbtrue\u00a0\u00bb][vc_column]<div class='container'><div class='row owly'><div class='col-md-6 col-xs-6'><\/div><div class='col-xs-6 col-md-6 align-right'><a class='owlprev' style='background:#3d3d3d;'><i class='fa fa-chevron-left' style='color:#c1c1c1;'><\/i><\/a><a class='owlnext' style='background:#3d3d3d;'><i class='fa fa-chevron-right' style='color:#c1c1c1;'><\/i><\/a><\/div><\/div><\/div><ul class='owl-carousel recentportfolio clearfix' data-col=4><li class='item item-type-line'><a class='item-hover' href=https:\/\/ecosteelgroup.dz\/?portfolio=treillis-soude-en-panneaux><div class='mask'><\/div><div class='item-info'><div class='headline'><h2>TREILLIS SOUD\u00c9 EN PANNEAUX<\/h2><\/div><\/div><\/a><div class='item-img'><\/div><\/li><li class='item item-type-line'><a class='item-hover' href=https:\/\/ecosteelgroup.dz\/?portfolio=clou-en-bobine><div class='mask'><\/div><div class='item-info'><div class='headline'><h2>Clou en bobine<\/h2><\/div><\/div><\/a><div class='item-img'><\/div><\/li><li class='item item-type-line'><a class='item-hover' href=https:\/\/ecosteelgroup.dz\/?portfolio=alluminium><div class='mask'><\/div><div class='item-info'><div class='headline'><h2>Alluminium<\/h2><\/div><\/div><\/a><div class='item-img'><img loading=\"lazy\" decoding=\"async\" width=\"360\" height=\"267\" src=\"https:\/\/ecosteelgroup.dz\/wp\/wp-content\/uploads\/2014\/12\/WhatsApp-Image-2023-09-25-at-11.21.17-360x267.jpg\" class=\"attachment-post-thumb size-post-thumb wp-post-image\" alt=\"\" \/><\/div><\/li><li class='item item-type-line'><a class='item-hover' href=https:\/\/ecosteelgroup.dz\/?portfolio=zamak><div class='mask'><\/div><div class='item-info'><div class='headline'><h2>Zamak<\/h2><\/div><\/div><\/a><div class='item-img'><img loading=\"lazy\" decoding=\"async\" width=\"360\" height=\"267\" src=\"https:\/\/ecosteelgroup.dz\/wp\/wp-content\/uploads\/2014\/12\/54db8d06-fba6-48d0-b7cb-1356569763c5-360x267.jpg\" class=\"attachment-post-thumb size-post-thumb wp-post-image\" alt=\"\" \/><\/div><\/li><li class='item item-type-line'><a class='item-hover' href=https:\/\/ecosteelgroup.dz\/?portfolio=clou><div class='mask'><\/div><div class='item-info'><div class='headline'><h2>Clou<\/h2><\/div><\/div><\/a><div class='item-img'><img loading=\"lazy\" decoding=\"async\" width=\"360\" height=\"267\" src=\"https:\/\/ecosteelgroup.dz\/wp\/wp-content\/uploads\/2017\/06\/Sans-tiZtre-2-360x267.jpg\" class=\"attachment-post-thumb size-post-thumb wp-post-image\" alt=\"\" \/><\/div><\/li><li class='item item-type-line'><a class='item-hover' href=https:\/\/ecosteelgroup.dz\/?portfolio=treillis-soude><div class='mask'><\/div><div class='item-info'><div class='headline'><h2>treillis soud\u00e9<\/h2><\/div><\/div><\/a><div class='item-img'><img loading=\"lazy\" decoding=\"async\" width=\"360\" height=\"267\" src=\"https:\/\/ecosteelgroup.dz\/wp\/wp-content\/uploads\/2014\/12\/eade152b-0241-495c-9677-94dca3c65f66-360x267.jpg\" class=\"attachment-post-thumb size-post-thumb wp-post-image\" alt=\"\" \/><\/div><\/li><\/ul>[\/vc_column][\/vc_row]<\/p>\n<\/section>","protected":false},"excerpt":{"rendered":"<p>[vc_row][vc_column width=\u00a0\u00bb2\/4&Prime;][vc_column_text] Entreprise leader en Alg\u00e9rie dans la production d&rsquo;aluminium secondaire, a d\u00e9marr\u00e9 sa production \u00e0 Khemis el khechna en 2021. Les produits de notre soci\u00e9t\u00e9 sont propos\u00e9s sur le march\u00e9 int\u00e9rieur sous la marque ECO STEEL GROUP. Notre usine,&#8230; <\/p>\n","protected":false},"author":1,"featured_media":0,"parent":0,"menu_order":0,"comment_status":"open","ping_status":"closed","template":"","meta":{"footnotes":""},"class_list":["post-949","page","type-page","status-publish","hentry"],"_links":{"self":[{"href":"https:\/\/ecosteelgroup.dz\/index.php?rest_route=\/wp\/v2\/pages\/949","targetHints":{"allow":["GET"]}}],"collection":[{"href":"https:\/\/ecosteelgroup.dz\/index.php?rest_route=\/wp\/v2\/pages"}],"about":[{"href":"https:\/\/ecosteelgroup.dz\/index.php?rest_route=\/wp\/v2\/types\/page"}],"author":[{"embeddable":true,"href":"https:\/\/ecosteelgroup.dz\/index.php?rest_route=\/wp\/v2\/users\/1"}],"replies":[{"embeddable":true,"href":"https:\/\/ecosteelgroup.dz\/index.php?rest_route=%2Fwp%2Fv2%2Fcomments&post=949"}],"version-history":[{"count":3,"href":"https:\/\/ecosteelgroup.dz\/index.php?rest_route=\/wp\/v2\/pages\/949\/revisions"}],"predecessor-version":[{"id":1049,"href":"https:\/\/ecosteelgroup.dz\/index.php?rest_route=\/wp\/v2\/pages\/949\/revisions\/1049"}],"wp:attachment":[{"href":"https:\/\/ecosteelgroup.dz\/index.php?rest_route=%2Fwp%2Fv2%2Fmedia&parent=949"}],"curies":[{"name":"wp","href":"https:\/\/api.w.org\/{rel}","templated":true}]}}